{"id":646,"date":"2017-06-26T14:07:05","date_gmt":"2017-06-26T14:07:05","guid":{"rendered":"http:\/\/dummy.xtemos.com\/woodmart\/demos\/?page_id=646"},"modified":"2025-11-21T20:08:23","modified_gmt":"2025-11-21T17:08:23","slug":"iletisim","status":"publish","type":"page","link":"https:\/\/sadecesanaozel.com.tr\/index.php\/iletisim\/","title":{"rendered":"\u0130leti\u015fim"},"content":{"rendered":"<p>[vc_row full_width=&#8221;stretch_row_content_no_spaces&#8221; css_animation=&#8221;none&#8221; css=&#8221;.vc_custom_1496927007057{margin-top: -40px !important;margin-bottom: 8vh !important;}&#8221;][vc_column][vc_column_text]<div id=\"wpgmza_map\" class=\"wpgmza_map\" data-settings='{\"id\":\"1\",\"map_title\":\"My first map\",\"map_width\":\"100\",\"map_height\":\"400\",\"map_start_lat\":\"40.861484\",\"map_start_lng\":\"29.489054000000014\",\"map_start_location\":\"40.86148442550259,29.48905358203126\",\"map_start_zoom\":\"9\",\"default_marker\":\"0\",\"type\":\"1\",\"alignment\":\"1\",\"directions_enabled\":\"1\",\"styling_enabled\":\"0\",\"styling_json\":\"\",\"active\":\"0\",\"kml\":\"\",\"bicycle\":\"0\",\"traffic\":\"0\",\"dbox\":\"1\",\"dbox_width\":\"100\",\"listmarkers\":\"0\",\"listmarkers_advanced\":\"0\",\"filterbycat\":\"0\",\"ugm_enabled\":\"0\",\"ugm_category_enabled\":\"0\",\"fusion\":\"\",\"map_width_type\":\"%\",\"map_height_type\":\"px\",\"mass_marker_support\":\"1\",\"ugm_access\":\"0\",\"order_markers_by\":\"0\",\"order_markers_choice\":\"0\",\"show_user_location\":\"0\",\"default_to\":\"\",\"other_settings\":{\"store_locator_enabled\":false,\"store_locator_distance\":false,\"store_locator_default_radius\":\"10\",\"store_locator_not_found_message\":\"\",\"store_locator_bounce\":1,\"store_locator_query_string\":\"\",\"store_locator_default_address\":\"\",\"wpgmza_store_locator_restrict\":\"\",\"store_locator_style\":\"modern\",\"wpgmza_store_locator_radius_style\":\"modern\",\"map_max_zoom\":\"1\",\"transport_layer\":false,\"wpgmza_theme_data\":\"\",\"wpgmza_show_points_of_interest\":1,\"action\":\"wpgmza_save_map\",\"redirect_to\":\"\\\/wp-admin\\\/admin-post.php\",\"map_id\":\"1\",\"http_referer\":\"\\\/wp-admin\\\/admin.php?page=wp-google-maps-menu&amp;amp;action=edit&amp;amp;map_id=1\",\"wpgmza_id\":\"1\",\"wpgmza_start_location\":\"40.861484,29.489054000000014\",\"wpgmza_start_zoom\":\"9\",\"store_locator_search_area\":\"radial\",\"wpgmza_store_locator_default_radius\":\"10\",\"store_locator_auto_area_max_zoom\":\"\",\"wpgmza_store_locator_position\":false,\"store_locator_show_distance\":false,\"store_locator_category\":false,\"wpgmza_store_locator_use_their_location\":false,\"wpgmza_store_locator_bounce\":false,\"wpgmza_sl_animation\":null,\"wpgmza_store_locator_hide_before_search\":false,\"store_locator_name_search\":false,\"store_locator_name_string\":\"\",\"sl_stroke_color\":\"\",\"sl_stroke_opacity\":\"\",\"sl_fill_color\":\"\",\"sl_fill_opacity\":\"\",\"wpgmza_map_align\":\"1\",\"jump_to_nearest_marker_on_initialization\":false,\"automatically_pan_to_users_location\":false,\"override_users_location_zoom_level\":false,\"override_users_location_zoom_levels\":\"\",\"show_distance_from_location\":false,\"map_min_zoom\":\"0\",\"click_open_link\":false,\"fit_maps_bounds_to_markers\":false,\"fit_maps_bounds_to_markers_after_filtering\":false,\"hide_point_of_interest\":false,\"wpgmza_zoom_on_marker_click\":false,\"wpgmza_zoom_on_marker_click_slider\":\"\",\"close_infowindow_on_map_click\":false,\"disable_lightbox_images\":false,\"use_Raw_Jpeg_Coordinates\":false,\"polygon_labels\":false,\"disable_polygon_info_windows\":false,\"enable_marker_ratings\":false,\"only_load_markers_within_viewport\":false,\"iw_primary_color\":\"#000000\",\"iw_accent_color\":\"#000000\",\"iw_text_color\":\"#000000\",\"wpgmza_listmarkers_by\":\"0\",\"wpgmza_marker_listing_position\":false,\"wpgmza_push_in_map\":false,\"wpgmza_push_in_map_placement\":null,\"wpgmza_push_in_map_width\":\"\",\"wpgmza_push_in_map_height\":\"\",\"zoom_level_on_marker_listing_override\":false,\"zoom_level_on_marker_listing_click\":\"\",\"datatable_no_result_message\":\"\",\"remove_search_box_datables\":false,\"dataTable_pagination_style\":null,\"datatable_search_string\":\"\",\"datatable_result_start\":\"\",\"datatable_result_of\":\"\",\"datatable_result_to\":\"\",\"datatable_result_total\":\"\",\"datatable_result_show\":\"\",\"datatable_result_entries\":\"\",\"wpgmza_savemap\":\"Haritay\\u0131 Kaydet \\u00bb\"}}' data-map-id='1' Data-maps-engine='google-maps' data-shortcode-attributes='{\"id\":\"1\"}' style=\"display:block; overflow:auto; width:100%; height:400px; float:left;\"><\/div>[\/vc_column_text][\/vc_column][\/vc_row][vc_row css=&#8221;.vc_custom_1496930387151{margin-bottom: 4vh !important;}&#8221;][vc_column]\t\t\n\t\t<div id=\"wd-69e4c20f43c7a\" class=\"title-wrapper  woodmart-title-color-default woodmart-title-style-default woodmart-title-width-50 text-center woodmart-title-size-large vc_custom_1530777625569\">\n\t\t\t\t\t\t\n\t\t\t<div class=\"liner-continer\">\n\t\t\t\t<span class=\"left-line\"><\/span>\n\t\t\t\t<h4 class=\"woodmart-title-container title  woodmart-font-weight-\" >Canl\u0131 destek almak i\u00e7in a\u015fa\u011f\u0131daki butona t\u0131klay\u0131n<\/h4>\t\t\t\t\t\t\t\t<span class=\"right-line\"><\/span>\n\t\t\t<\/div>\n\t\t\t\n\t\t\t\t\t\t\t<div class=\"title-after_title\">Sorular\u0131n\u0131z ve talepleriniz i\u00e7in m\u00fc\u015fteri hizmetlerimize ba\u011flanabilirsiniz.<\/div>\n\t\t\t\t\t\t\n\t\t\t\t\t<\/div>\n\t\t\n\t\t[vc_column_text el_class=&#8221;text-larger&#8221; css=&#8221;.vc_custom_1530778845070{margin-bottom: 25px !important;}&#8221;]<\/p>\n<p style=\"text-align: center;\">Online M\u00fc\u015fteri temsilcilerimiz <span style=\"color: #212121;\"><strong>09:00 ile 23:00 <\/strong><\/span>saatleri aras\u0131nda hizmet vermektedir.<\/p>\n<p>[\/vc_column_text]<div id=\"wd-6304c74be145a\" class=\"woodmart-button-wrapper text-center\"><a href=\"https:\/\/api.whatsapp.com\/send?phone=905323507718\" title=\"\" class=\"btn btn-color-primary btn-style-default btn-shape-rectangle btn-size-large\">CANLI DESTEK<\/a><\/div>[vc_empty_space height=&#8221;20&#8243;]\n\t\t\t<div class=\"woodmart-social-icons text-center icons-design-bordered icons-size-small color-scheme-dark social-share social-form-circle\">\n\t\t\t\t\t\t\t\t\t<a rel=\"nofollow\" href=\"https:\/\/www.facebook.com\/sharer\/sharer.php?u=https:\/\/sadecesanaozel.com.tr\/index.php\/iletisim\/\" target=\"_blank\" class=\" woodmart-social-icon social-facebook\">\n\t\t\t\t\t\t<i><\/i>\n\t\t\t\t\t\t<span class=\"woodmart-social-icon-name\">Facebook<\/span>\n\t\t\t\t\t<\/a>\n\t\t\t\t\n\t\t\t\t\t\t\t\t\t<a rel=\"nofollow\" href=\"https:\/\/twitter.com\/share?url=https:\/\/sadecesanaozel.com.tr\/index.php\/iletisim\/\" target=\"_blank\" class=\" woodmart-social-icon social-twitter\">\n\t\t\t\t\t\t<i><\/i>\n\t\t\t\t\t\t<span class=\"woodmart-social-icon-name\">Twitter<\/span>\n\t\t\t\t\t<\/a>\n\t\t\t\t\n\t\t\t\t\t\t\t\t\t<a rel=\"nofollow\" href=\"mailto:?subject=Check%20this%20https:\/\/sadecesanaozel.com.tr\/index.php\/iletisim\/\" target=\"_blank\" class=\" woodmart-social-icon social-email\">\n\t\t\t\t\t\t<i><\/i>\n\t\t\t\t\t\t<span class=\"woodmart-social-icon-name\">Email<\/span>\n\t\t\t\t\t<\/a>\n\t\t\t\t\n\t\t\t\t\n\t\t\t\t\n\t\t\t\t\t\t\t\t\t<a rel=\"nofollow\" href=\"https:\/\/pinterest.com\/pin\/create\/button\/?url=https:\/\/sadecesanaozel.com.tr\/index.php\/iletisim\/&media=https:\/\/sadecesanaozel.com.tr\/wp-includes\/images\/media\/default.svg&description=%C4%B0leti%C5%9Fim\" target=\"_blank\" class=\" woodmart-social-icon social-pinterest\">\n\t\t\t\t\t\t<i><\/i>\n\t\t\t\t\t\t<span class=\"woodmart-social-icon-name\">Pinterest<\/span>\n\t\t\t\t\t<\/a>\n\t\t\t\t\n\t\t\t\t\n\t\t\t\t\n\t\t\t\t\n\t\t\t\t\n\t\t\t\t\n\t\t\t\t\n\t\t\t\t\n\t\t\t\t\n\t\t\t\t\n\t\t\t\t\n\t\t\t\t\t\t\t\t\t<a rel=\"nofollow\" href=\"https:\/\/api.whatsapp.com\/send?text=https%3A%2F%2Fsadecesanaozel.com.tr%2Findex.php%2Filetisim%2F\" target=\"_blank\" class=\"whatsapp-desktop  woodmart-social-icon social-whatsapp\">\n\t\t\t\t\t\t<i><\/i>\n\t\t\t\t\t\t<span class=\"woodmart-social-icon-name\">WhatsApp<\/span>\n\t\t\t\t\t<\/a>\n\t\t\t\t\t\n\t\t\t\t\t<a rel=\"nofollow\" href=\"whatsapp:\/\/send?text=https%3A%2F%2Fsadecesanaozel.com.tr%2Findex.php%2Filetisim%2F\" target=\"_blank\" class=\"whatsapp-mobile  woodmart-social-icon social-whatsapp\">\n\t\t\t\t\t\t<i><\/i>\n\t\t\t\t\t\t<span class=\"woodmart-social-icon-name\">WhatsApp<\/span>\n\t\t\t\t\t<\/a>\n\t\t\t\t\n\t\t\t\t\t\t\t\t\n\t\t\t\t\t\t\t\t\n\t\t\t\t\n\t\t\t\t\t\t\t\t\n\t\t\t\t\n\t\t\t<\/div>\n\n\t\t[\/vc_column][\/vc_row][vc_row equal_height=&#8221;yes&#8221; css_animation=&#8221;fadeIn&#8221; css=&#8221;.vc_custom_1496931930911{margin-right: -40px !important;margin-left: -40px !important;}&#8221;][vc_column offset=&#8221;vc_col-lg-6 vc_col-md-6&#8243; css=&#8221;.vc_custom_1496932335926{border-right-width: 1px !important;padding-top: 20px !important;padding-right: 40px !important;padding-bottom: 10px !important;padding-left: 40px !important;border-right-color: rgba(129,129,129,0.2) !important;border-right-style: solid !important;}&#8221;]\t\t\n\t\t<div id=\"wd-69e4c20f43fef\" class=\"title-wrapper  woodmart-title-color-default woodmart-title-style-bordered woodmart-title-width-100 text-left woodmart-title-size-default vc_custom_1530776048803\">\n\t\t\t\t\t\t\n\t\t\t<div class=\"liner-continer\">\n\t\t\t\t<span class=\"left-line\"><\/span>\n\t\t\t\t<h4 class=\"woodmart-title-container title  woodmart-font-weight-\" >B\u0130ZE YAZIN<\/h4>\t\t\t\t\t\t\t\t<span class=\"right-line\"><\/span>\n\t\t\t<\/div>\n\t\t\t\n\t\t\t\t\t\t\n\t\t\t\t\t<\/div>\n\t\t\n\t\t\n<div class=\"wpcf7 no-js\" id=\"wpcf7-f608-o1\" lang=\"en-US\" dir=\"ltr\" data-wpcf7-id=\"608\">\n<div class=\"screen-reader-response\"><p role=\"status\" aria-live=\"polite\" aria-atomic=\"true\"><\/p> <ul><\/ul><\/div>\n<form action=\"\/index.php\/wp-json\/wp\/v2\/pages\/646#wpcf7-f608-o1\" method=\"post\" class=\"wpcf7-form init\" aria-label=\"Contact form\" novalidate=\"novalidate\" data-status=\"init\">\n<fieldset class=\"hidden-fields-container\"><input type=\"hidden\" name=\"_wpcf7\" value=\"608\" \/><input type=\"hidden\" name=\"_wpcf7_version\" value=\"6.1.5\" \/><input type=\"hidden\" name=\"_wpcf7_locale\" value=\"en_US\" \/><input type=\"hidden\" name=\"_wpcf7_unit_tag\" value=\"wpcf7-f608-o1\" \/><input type=\"hidden\" name=\"_wpcf7_container_post\" value=\"0\" \/><input type=\"hidden\" name=\"_wpcf7_posted_data_hash\" value=\"\" \/><input type=\"hidden\" name=\"_wpcf7_recaptcha_response\" value=\"\" \/>\n<\/fieldset>\n<div class=\"row\">\n\t<div class=\"col-md-6\" style='margin-bottom:20px;'>\n\t\t<p><label>Ad\/Soyad<\/label><span class=\"wpcf7-form-control-wrap\" data-name=\"your-name\"><input size=\"40\" maxlength=\"400\" class=\"wpcf7-form-control wpcf7-text wpcf7-validates-as-required\" aria-required=\"true\" aria-invalid=\"false\" value=\"\" type=\"text\" name=\"your-name\" \/><\/span>\n\t\t<\/p>\n\t<\/div>\n\t<div class=\"col-md-6\" style='margin-bottom:20px;'>\n\t\t<p><label>Email<\/label><span class=\"wpcf7-form-control-wrap\" data-name=\"your-email\"><input size=\"40\" maxlength=\"400\" class=\"wpcf7-form-control wpcf7-email wpcf7-validates-as-required wpcf7-text wpcf7-validates-as-email\" aria-required=\"true\" aria-invalid=\"false\" value=\"\" type=\"email\" name=\"your-email\" \/><\/span>\n\t\t<\/p>\n\t<\/div>\n<\/div>\n<div class=\"row\">\n\t<div class=\"col-md-6\" style='margin-bottom:20px;'>\n\t\t<p><label>Telefon<\/label><span class=\"wpcf7-form-control-wrap\" data-name=\"tel-767\"><input size=\"40\" maxlength=\"400\" class=\"wpcf7-form-control wpcf7-tel wpcf7-text wpcf7-validates-as-tel\" aria-invalid=\"false\" value=\"\" type=\"tel\" name=\"tel-767\" \/><\/span>\n\t\t<\/p>\n\t<\/div>\n\t<div class=\"col-md-6\" style='margin-bottom:20px;'>\n\t\t<p><label>\u00dcnvan<\/label><span class=\"wpcf7-form-control-wrap\" data-name=\"text-1\"><input size=\"40\" maxlength=\"400\" class=\"wpcf7-form-control wpcf7-text\" aria-invalid=\"false\" value=\"\" type=\"text\" name=\"text-1\" \/><\/span>\n\t\t<\/p>\n\t<\/div>\n<\/div>\n<p><label>Mesaj\u0131n\u0131z<\/label><span class=\"wpcf7-form-control-wrap\" data-name=\"your-message\"><textarea cols=\"40\" rows=\"10\" maxlength=\"2000\" class=\"wpcf7-form-control wpcf7-textarea\" aria-invalid=\"false\" name=\"your-message\"><\/textarea><\/span>\n<\/p>\n<p><span class=\"wpcf7-form-control-wrap\" data-name=\"quiz-640\"><label><span class=\"wpcf7-quiz-label\">T\u00fcrkiye&#039;nin ba\u015fkenti?(G\u00fcvenlik i\u00e7in l\u00fctfen soruyu cevaplay\u0131n)<\/span> <input size=\"40\" class=\"wpcf7-form-control wpcf7-quiz\" autocomplete=\"off\" aria-required=\"true\" aria-invalid=\"false\" type=\"text\" name=\"quiz-640\" \/><\/label><input type=\"hidden\" name=\"_wpcf7_quiz_answer_quiz-640\" value=\"1a0401551233a128d2821a8b3b2a80df\" \/><\/span>\n<\/p>\n<p><input class=\"wpcf7-form-control wpcf7-submit has-spinner btn-color-black\" type=\"submit\" value=\"MESAJ G\u00d6NDER\" \/>\n<\/p><div class=\"wpcf7-response-output\" aria-hidden=\"true\"><\/div>\n<\/form>\n<\/div>\n[\/vc_column][vc_column offset=&#8221;vc_col-lg-6 vc_col-md-6&#8243; css=&#8221;.vc_custom_1496932331302{padding-top: 20px !important;padding-right: 40px !important;padding-bottom: 10px !important;padding-left: 40px !important;}&#8221;]\t\t\n\t\t<div id=\"wd-69e4c20f47555\" class=\"title-wrapper  woodmart-title-color-default woodmart-title-style-bordered woodmart-title-width-100 text-left woodmart-title-size-default vc_custom_1530782557770\">\n\t\t\t\t\t\t\n\t\t\t<div class=\"liner-continer\">\n\t\t\t\t<span class=\"left-line\"><\/span>\n\t\t\t\t<h4 class=\"woodmart-title-container title  woodmart-font-weight-\" >SADECE SANA \u00d6ZEL<\/h4>\t\t\t\t\t\t\t\t<span class=\"right-line\"><\/span>\n\t\t\t<\/div>\n\t\t\t\n\t\t\t\t\t\t\n\t\t\t\t\t<\/div>\n\t\t\n\t\t[vc_column_text]<\/p>\n<p style=\"text-align: left;\">De\u011ferli m\u00fc\u015fterilerimiz, 2007 y\u0131l\u0131ndan g\u00fcn\u00fcm\u00fcze kadar ki\u015fiye \u00f6zel \u00fcr\u00fcnler, hediyelik \u00fcr\u00fcnler, \u00f6zel g\u00fcn \u00fcr\u00fcnleri, dekoratif \u00fcr\u00fcnler kategorisinde sizlere hizmet vermenin gururunu ya\u015famaktay\u0131z. G\u00fcvenli al\u0131\u015fveri\u015f ve m\u00fc\u015fteri memnuniyetiyle sizlerle birlikte b\u00fcy\u00fcmenin onuru i\u00e7erisindeyiz. Bu sebeple sizlere ve t\u00fcm ekibimize katk\u0131lar\u0131n\u0131zdan \u00f6t\u00fcr\u00fc <a href=\"#\"><strong>te\u015fekk\u00fcrlerimizi<\/strong><\/a> sunar, keyifli al\u0131\u015fveri\u015fler dileriz<\/p>\n<p>Sitemizden yapm\u0131\u015f yada yapaca\u011f\u0131z oldu\u011funuz al\u0131\u015fveri\u015flerinizin g\u00fcvenli\u011fi hakk\u0131nda <a href=\"https:\/\/sadecesanaozel.com.tr\/index.php\/gizlilik-politikamiz\/\"><strong>gizlilik politikas\u0131<\/strong><\/a> sayfam\u0131z\u0131 inceleyebilir, yandaki form arac\u0131l\u0131\u011f\u0131 ile g\u00f6r\u00fc\u015f ve \u00f6nerilerinizi bizlere bildirebilirsiniz.[\/vc_column_text]\t\t\n\t\t<div id=\"wd-69e4c20f4757d\" class=\"title-wrapper  woodmart-title-color-default woodmart-title-style-bordered woodmart-title-width-100 text-left woodmart-title-size-default vc_custom_1530783499280\">\n\t\t\t\t\t\t\n\t\t\t<div class=\"liner-continer\">\n\t\t\t\t<span class=\"left-line\"><\/span>\n\t\t\t\t<h4 class=\"woodmart-title-container title  woodmart-font-weight-\" >\u0130LET\u0130\u015e\u0130M B\u0130LG\u0130LER\u0130M\u0130Z<\/h4>\t\t\t\t\t\t\t\t<span class=\"right-line\"><\/span>\n\t\t\t<\/div>\n\t\t\t\n\t\t\t\t\t\t\n\t\t\t\t\t<\/div>\n\t\t\n\t\t[vc_row_inner css=&#8221;.vc_custom_1484253288811{margin-bottom: 0px !important;}&#8221;][vc_column_inner width=&#8221;1\/2&#8243;]\t\t\t<div class=\"info-box-wrapper \">\n\t\t\t\t<div id=\"wd-69209c69bc86d\" class=\" woodmart-info-box text-left box-icon-align-left box-style- color-scheme- woodmart-bg-none box-title-small vc_custom_1763744890140\"  >\n\t\t\t\t\t\t\t\t\t\t\t<div class=\"box-icon-wrapper  box-with-icon box-icon-simple\">\n\t\t\t\t\t\t\t<div class=\"info-box-icon\">\n\n\t\t\t\t\t\t\t\n\t\t\t\t\t\t\t\t\t\t\t\t\t\t\t\t\t<img loading=\"lazy\" decoding=\"async\" class=\"woodmart-lazy-load woodmart-lazy-fade info-icon image-1 \" src=\"data:image\/png;base64,iVBORw0KGgoAAAANSUhEUgAAAAoAAAAKCAYAAACNMs+9AAAACXBIWXMAAA7EAAAOxAGVKw4bAAAA2UlEQVQYlU3PMUpDYRAE4G8fjyAiwQOIjRAQ0+YSYhFShhQewEOltAqpvIMkZdLETqy0eUgIIcVbC\/9Ep5qdHXZmY7HadPDgF60oLEFVppdaGEvPIAylg0DoSPOij2vpFvfCJfZoJUJVjjTSTY2vEtUIF8J5iaulpvDXgOV6UyWP0gzXZfkujKTpoN9rY7l+q1IeTUN8l15daS6MMK1TTjBDt3x85g9daSZMKmwHd70Ge2mPuvQ7YD\/o9xppW6GFQb\/3id3JyLZo0MZitXkSPv7FHb\/enZR09QMLUUuxOUDfYgAAAABJRU5ErkJggg==\" data-wood-src=\"https:\/\/sadecesanaozel.com.tr\/wp-content\/uploads\/2021\/02\/telefon-40x40.png\" width=\"40\" height=\"40\" alt=\"telefon\" title=\"telefon\" \/>\t\t\t\t\t\t\t\t\t\t\t\t\t\t\t\t\n\t\t\t\t\t\t\t\n\t\t\t\t\t\t\t<\/div>\n\t\t\t\t\t\t<\/div>\n\t\t\t\t\t\t\t\t\t\t<div class=\"info-box-content\">\n\t\t\t\t\t\t\t\t\t\t\t\t<div class=\"info-box-inner reset-mb-10\">\n\t\t\t\t\t\t\t<p><span style=\"color: #333333;\"><strong>Telefon:<\/strong><\/span> +90 532 305 4096<br \/>\n<span style=\"color: #333333;\"><strong>Merkez:<\/strong><\/span> +90 850 733 1787<\/p>\n\t\t\t\t\t\t<\/div>\n\n\t\t\t\t\t\t\t\t\t\t\t\t\n\t\t\t\t\t<\/div>\n\n\t\t\t\t\t\t\t\t\t<\/div>\n\t\t\t<\/div>\n\t\t\t\t\t<div class=\"info-box-wrapper \">\n\t\t\t\t<div id=\"wd-602abd6477b8e\" class=\" woodmart-info-box text-left box-icon-align-left box-style- color-scheme- woodmart-bg-none box-title-small vc_custom_1613413750357\"  >\n\t\t\t\t\t\t\t\t\t\t\t<div class=\"box-icon-wrapper  box-with-icon box-icon-simple\">\n\t\t\t\t\t\t\t<div class=\"info-box-icon\">\n\n\t\t\t\t\t\t\t\n\t\t\t\t\t\t\t\t\t\t\t\t\t\t\t\t\t<img loading=\"lazy\" decoding=\"async\" class=\"woodmart-lazy-load woodmart-lazy-fade info-icon image-1 \" src=\"data:image\/png;base64,iVBORw0KGgoAAAANSUhEUgAAAAoAAAAKCAYAAACNMs+9AAAACXBIWXMAAA7EAAAOxAGVKw4bAAAA5UlEQVQYlU3QIUtDYRTG8d8ZC8NgkGURhVu8QcFbFEziBzCIJv0+dpMYxWgQBcvAeo03yMWohiFjGmQY9lrejT1wOOV5\/s\/hRN20F\/gGYSzFs0j71WZxaUFdfOABy5IhaV0yqpv2AEtVWdxBBz1hV9hCgVP0M6jMu9PBu2QimWTDAJ9VWTzhLRunkanTumlPqrK4rZu2EA4lL7nhpiqLuVHdtMcYBmf4S\/ygFvqS6w6meeAVq1hBD3uSK+G8OyNmDVN4xFiygYFwJBktErvETg58iXnt\/ew9M+KvSGtoc3Ai2Z6d9Q8Wt03YPZHQzwAAAABJRU5ErkJggg==\" data-wood-src=\"https:\/\/sadecesanaozel.com.tr\/wp-content\/uploads\/2021\/02\/guvenli-odeme-45x45.png\" width=\"45\" height=\"45\" alt=\"guvenli-odeme\" title=\"guvenli-odeme\" \/>\t\t\t\t\t\t\t\t\t\t\t\t\t\t\t\t\n\t\t\t\t\t\t\t\n\t\t\t\t\t\t\t<\/div>\n\t\t\t\t\t\t<\/div>\n\t\t\t\t\t\t\t\t\t\t<div class=\"info-box-content\">\n\t\t\t\t\t\t\t\t\t\t\t\t<div class=\"info-box-inner reset-mb-10\">\n\t\t\t\t\t\t\t<p><span style=\"color: #333333;\"><strong>3D Secure(G\u00fcvenli \u00d6deme)<\/strong><\/span><br \/>\n<span style=\"color: #333333;\"><strong>sistemiyle al\u0131\u015fveri\u015f imkan\u0131<\/strong><\/span><\/p>\n\t\t\t\t\t\t<\/div>\n\n\t\t\t\t\t\t\t\t\t\t\t\t\n\t\t\t\t\t<\/div>\n\n\t\t\t\t\t\t\t\t\t<\/div>\n\t\t\t<\/div>\n\t\t[\/vc_column_inner][vc_column_inner width=&#8221;1\/2&#8243;]\t\t\t<div class=\"info-box-wrapper \">\n\t\t\t\t<div id=\"wd-69209c619aad1\" class=\" woodmart-info-box text-left box-icon-align-left box-style- color-scheme- woodmart-bg-none box-title-small vc_custom_1763744870171\"  >\n\t\t\t\t\t\t\t\t\t\t\t<div class=\"box-icon-wrapper  box-with-icon box-icon-simple\">\n\t\t\t\t\t\t\t<div class=\"info-box-icon\">\n\n\t\t\t\t\t\t\t\n\t\t\t\t\t\t\t\t\t\t\t\t\t\t\t\t\t<img loading=\"lazy\" decoding=\"async\" class=\"woodmart-lazy-load woodmart-lazy-fade info-icon image-1 \" src=\"data:image\/png;base64,iVBORw0KGgoAAAANSUhEUgAAAAoAAAAKCAYAAACNMs+9AAAACXBIWXMAAA7EAAAOxAGVKw4bAAAA3klEQVQYlV3OMUpDURCF4W+CjWtIa26TW9hcBbESbAO6BAsr+5SuwA0E96BgYyzsYwRBY\/Ow0jbYCha5Fr4nwVMN5\/wzc0Kr+aLZEg6i2oXKDPclpzfotVAPI\/Qq48q4zUZt9gsiBQPVpOS0LDktMQkGSOvgXuWl5LTqqpScVpUnYX8d\/D932uj8LrwWvrs+Xe\/gUHX7B5acPlV3OIP5a3Mc3FTOS07vEO32trCj6uOrPbopfKgeSk7PvfmiOYUyTBNMg37Qx7QM02X74SQeF81FDbOuW1RHUMPVmrf7A6H6S7tIZV0CAAAAAElFTkSuQmCC\" data-wood-src=\"https:\/\/sadecesanaozel.com.tr\/wp-content\/uploads\/2021\/02\/musteri-hizmetleri-45x45.png\" width=\"45\" height=\"45\" alt=\"musteri-hizmetleri\" title=\"musteri-hizmetleri\" \/>\t\t\t\t\t\t\t\t\t\t\t\t\t\t\t\t\n\t\t\t\t\t\t\t\n\t\t\t\t\t\t\t<\/div>\n\t\t\t\t\t\t<\/div>\n\t\t\t\t\t\t\t\t\t\t<div class=\"info-box-content\">\n\t\t\t\t\t\t\t\t\t\t\t\t<div class=\"info-box-inner reset-mb-10\">\n\t\t\t\t\t\t\t<p><span style=\"color: #333333;\"><strong>Whatsapp Canl\u0131 Destek<\/strong><\/span><br \/>\n+90 532 305 40 96<\/p>\n\t\t\t\t\t\t<\/div>\n\n\t\t\t\t\t\t\t\t\t\t\t\t\n\t\t\t\t\t<\/div>\n\n\t\t\t\t\t\t\t\t\t<\/div>\n\t\t\t<\/div>\n\t\t\t\t\t<div class=\"info-box-wrapper \">\n\t\t\t\t<div id=\"wd-602abd8edaaee\" class=\" woodmart-info-box text-left box-icon-align-left box-style- color-scheme- woodmart-bg-none box-title-small vc_custom_1613413789221\"  >\n\t\t\t\t\t\t\t\t\t\t\t<div class=\"box-icon-wrapper  box-with-icon box-icon-simple\">\n\t\t\t\t\t\t\t<div class=\"info-box-icon\">\n\n\t\t\t\t\t\t\t\n\t\t\t\t\t\t\t\t\t\t\t\t\t\t\t\t\t<img loading=\"lazy\" decoding=\"async\" class=\"woodmart-lazy-load woodmart-lazy-fade info-icon image-1 \" src=\"data:image\/png;base64,iVBORw0KGgoAAAANSUhEUgAAAAoAAAAKCAYAAACNMs+9AAAACXBIWXMAAA7EAAAOxAGVKw4bAAAA6ElEQVQYlU3PsUoDURCF4e9eUqYK1ql0JbDYLViKnVbiI4iIhZWkFJ\/BBxALsY0EEe1CarfdNFumSCES8gS5Ft4Ep5pz\/hlmTpCrbtpbtPjI1il2q7J4gJiHDvCNiWAoGGKCn8xERMEx3gSXkmfJi+Aie0eIHZAs0ZMscJi9BXYyE7HGu+C8KotXrLCqymIsOMs\/rzdZ1LP2vm7a7r9w3XrW3m103E4mj4KrrQ6uJU8b2UGsm\/ZvKdmvm7af+73MYlUWQt20N4KeZI654CRf+ERf0JcsIwaSL4yrsphKRpJRVRZTjDMb\/AKxF1RioMwvQgAAAABJRU5ErkJggg==\" data-wood-src=\"https:\/\/sadecesanaozel.com.tr\/wp-content\/uploads\/2021\/02\/adres-45x45.png\" width=\"45\" height=\"45\" alt=\"adres\" title=\"adres\" \/>\t\t\t\t\t\t\t\t\t\t\t\t\t\t\t\t\n\t\t\t\t\t\t\t\n\t\t\t\t\t\t\t<\/div>\n\t\t\t\t\t\t<\/div>\n\t\t\t\t\t\t\t\t\t\t<div class=\"info-box-content\">\n\t\t\t\t\t\t\t\t\t\t\t\t<div class=\"info-box-inner reset-mb-10\">\n\t\t\t\t\t\t\t<p>\u00c7ukurba\u011f Mah. \u0130n\u00f6n\u00fc Cad.<br \/>\nNo:129 \u00d6zsev \u0130\u015f Mrk. K:1 D:78<br \/>\n\u0130zmit Kocaeli T\u00fcrkiye<\/p>\n\t\t\t\t\t\t<\/div>\n\n\t\t\t\t\t\t\t\t\t\t\t\t\n\t\t\t\t\t<\/div>\n\n\t\t\t\t\t\t\t\t\t<\/div>\n\t\t\t<\/div>\n\t\t[\/vc_column_inner][\/vc_row_inner][vc_column_text css=&#8221;.vc_custom_1530783470494{margin-bottom: 0px !important;}&#8221;]<span style=\"color: #333333;\"><strong>Sadece Sana \u00d6zel bir \u0130zmit Bask\u0131 Reklam Promosyon \u015firketi kurulu\u015fudur.<br \/>\n<a href=\"https:\/\/www.izmitbaski.com\/\"><span class=\"color-primary\">Detayl\u0131 bilgi i\u00e7in buraya t\u0131klayarak firmam\u0131z\u0131 inceleyebilirsiniz<\/span><\/a><\/strong><\/span>[\/vc_column_text][\/vc_column][\/vc_row][vc_row css=&#8221;.vc_custom_1530715022739{padding-top: 20px !important;padding-bottom: 20px !important;}&#8221;][vc_column][vc_separator][\/vc_column][\/vc_row][vc_row css=&#8221;.vc_custom_1496930387151{margin-bottom: 4vh !important;}&#8221;][vc_column]\t\t\n\t\t<div id=\"wd-69e4c20f49abb\" class=\"title-wrapper  woodmart-title-color-default woodmart-title-style-default woodmart-title-width-50 text-center woodmart-title-size-large vc_custom_1530782434141\">\n\t\t\t\t\t\t\n\t\t\t<div class=\"liner-continer\">\n\t\t\t\t<span class=\"left-line\"><\/span>\n\t\t\t\t<h4 class=\"woodmart-title-container title  woodmart-font-weight-\" >Havale\/EFT i\u015flemleri i\u00e7in \u00f6deme bildirim formu<\/h4>\t\t\t\t\t\t\t\t<span class=\"right-line\"><\/span>\n\t\t\t<\/div>\n\t\t\t\n\t\t\t\t\t\t\t<div class=\"title-after_title\">De\u011ferli m\u00fc\u015fterimiz \u00f6demenizi Havale veya EFT yoluyla yapt\u0131ysan\u0131z, l\u00fctfen a\u015fa\u011f\u0131da butona t\u0131klayarak ``\u00d6deme Bildirimi`` sayfam\u0131zdan gerekli bilgileri bizlere ula\u015ft\u0131rabilirsiniz.<\/div>\n\t\t\t\t\t\t\n\t\t\t\t\t<\/div>\n\t\t\n\t\t<div id=\"wd-69e4c20f49b22\" class=\"woodmart-button-wrapper text-center\"><a href=\"https:\/\/sadecesanaozel.com.tr\/index.php\/odeme-bildirim-formu\/\" title=\"\" class=\"btn btn-color-primary btn-style-default btn-shape-rectangle btn-size-large\">\u00d6DEME B\u0130LD\u0130R<\/a><\/div>[vc_empty_space height=&#8221;20&#8243;][\/vc_column][\/vc_row]<\/p>\n","protected":false},"excerpt":{"rendered":"<p>[vc_row full_width=&#8221;stretch_row_content_no_spaces&#8221; css_animation=&#8221;none&#8221; css=&#8221;.vc_custom_1496927007057{margin-top: -40px !important;margin-bottom: 8vh !important;}&#8221;][vc_column][vc_column_text][\/vc_column_text][\/vc_column][\/vc_row][vc_row css=&#8221;.vc_custom_1496930387151{margin-bottom: 4vh !important;}&#8221;][vc_column][vc_column_text el_class=&#8221;text-larger&#8221; css=&#8221;.vc_custom_1530778845070{margin-bottom: 25px !important;}&#8221;] Online M\u00fc\u015fteri temsilcilerimiz 09:00 ile<\/p>\n","protected":false},"author":1,"featured_media":0,"parent":0,"menu_order":0,"comment_status":"closed","ping_status":"closed","template":"","meta":{"footnotes":""},"class_list":["post-646","page","type-page","status-publish","hentry"],"aioseo_notices":[],"_links":{"self":[{"href":"https:\/\/sadecesanaozel.com.tr\/index.php\/wp-json\/wp\/v2\/pages\/646","targetHints":{"allow":["GET"]}}],"collection":[{"href":"https:\/\/sadecesanaozel.com.tr\/index.php\/wp-json\/wp\/v2\/pages"}],"about":[{"href":"https:\/\/sadecesanaozel.com.tr\/index.php\/wp-json\/wp\/v2\/types\/page"}],"author":[{"embeddable":true,"href":"https:\/\/sadecesanaozel.com.tr\/index.php\/wp-json\/wp\/v2\/users\/1"}],"replies":[{"embeddable":true,"href":"https:\/\/sadecesanaozel.com.tr\/index.php\/wp-json\/wp\/v2\/comments?post=646"}],"version-history":[{"count":2,"href":"https:\/\/sadecesanaozel.com.tr\/index.php\/wp-json\/wp\/v2\/pages\/646\/revisions"}],"predecessor-version":[{"id":21437,"href":"https:\/\/sadecesanaozel.com.tr\/index.php\/wp-json\/wp\/v2\/pages\/646\/revisions\/21437"}],"wp:attachment":[{"href":"https:\/\/sadecesanaozel.com.tr\/index.php\/wp-json\/wp\/v2\/media?parent=646"}],"curies":[{"name":"wp","href":"https:\/\/api.w.org\/{rel}","templated":true}]}}