{"id":19718,"date":"2023-08-29T18:28:48","date_gmt":"2023-08-29T15:28:48","guid":{"rendered":"https:\/\/sadecesanaozel.com.tr\/?post_type=product&#038;p=19718"},"modified":"2026-03-23T19:39:28","modified_gmt":"2026-03-23T16:39:28","slug":"gezegenler-baskili-planets-tisort","status":"publish","type":"product","link":"https:\/\/sadecesanaozel.com.tr\/index.php\/urun\/gezegenler-baskili-planets-tisort\/","title":{"rendered":"Gezegenler Ti\u015f\u00f6rt"},"content":{"rendered":"<p>[vc_row][vc_column width=&#8221;1\/3&#8243;]\t\t\n\t\t<div id=\"wd-69e008bed8db5\" class=\"title-wrapper  woodmart-title-color-default woodmart-title-style-default woodmart-title-width-100 text-left woodmart-title-size-small vc_custom_1554732909410\">\n\t\t\t\t\t\t\n\t\t\t<div class=\"liner-continer\">\n\t\t\t\t<span class=\"left-line\"><\/span>\n\t\t\t\t<h4 class=\"woodmart-title-container title  woodmart-font-weight-\" ><strong>DO\u011eUM G\u00dcN\u00dc T\u0130\u015e\u00d6RTLER\u0130<\/strong><\/h4>\t\t\t\t\t\t\t\t<span class=\"right-line\"><\/span>\n\t\t\t<\/div>\n\t\t\t\n\t\t\t\t\t\t\n\t\t\t\t\t<\/div>\n\t\t\n\t\t[vc_column_text]<img loading=\"lazy\" decoding=\"async\" class=\" wp-image-3101 alignleft\" style=\"margin-right: 10px; margin-top: 2px;\" src=\"https:\/\/sadecesanaozel.com.tr\/wp-content\/uploads\/2018\/07\/sadece-sana-\u00f6zel-ki\u015fiye-\u00f6zel-\u00f6zel-g\u00fcn-\u00fcr\u00fcnleri.png\" alt=\"\" width=\"120\" height=\"88\" \/>Sizlerin \u00f6zg\u00fc se\u00e7imine sunulmu\u015f olan\u00a0ti\u015f\u00f6rtlerimiz ter tutmayan \u00f6zel pamuklu mikrohijyen dokulu kuma\u015f\u0131 sayesinde mikrop bar\u0131nd\u0131rmaz, terletmez ve bedeninizde rahat bir duru\u015f sa\u011flar. Ti\u015f\u00f6rtlerimizden be\u011fendi\u011finiz modeli ister 0 yaka, ister uzun kollu olarak sat\u0131n alabilirsiniz. \u0130ster kendiniz i\u00e7in ister hediye olarak da sevdiklerinize g\u00f6nderebilirsiniz.<\/p>\n<p>\u00dcr\u00fcn ile ilgili sorular\u0131n\u0131z i\u00e7in m\u00fc\u015fteri temsilcilerimizden destek alabilirsiniz. \u0130yi g\u00fcnlerde kullanman\u0131z dile\u011fi ile iyi al\u0131\u015fveri\u015fler dileriz.[\/vc_column_text][\/vc_column][vc_column width=&#8221;1\/3&#8243;]\t\t\n\t\t<div id=\"wd-69e008bed8e11\" class=\"title-wrapper  woodmart-title-color-default woodmart-title-style-default woodmart-title-width-100 text-left woodmart-title-size-small vc_custom_1532165181111\">\n\t\t\t\t\t\t\n\t\t\t<div class=\"liner-continer\">\n\t\t\t\t<span class=\"left-line\"><\/span>\n\t\t\t\t<h4 class=\"woodmart-title-container title  woodmart-font-weight-\" ><strong>\u00d6ZELL\u0130KLER<\/strong><\/h4>\t\t\t\t\t\t\t\t<span class=\"right-line\"><\/span>\n\t\t\t<\/div>\n\t\t\t\n\t\t\t\t\t\t\n\t\t\t\t\t<\/div>\n\t\t\n\t\t[vc_column_text]Pamuklu ve Mikrohijyen \u00f6zel dokusuyla 40 derecede ters olarak makinede y\u0131kanabilen ti\u015f\u00f6rtlerimiz hediyelik ve \u015fahsi kullan\u0131mlar a\u00e7\u0131s\u0131ndan \u015f\u0131k ve exclusive bir \u00fcr\u00fcn olup g\u00fcvenle kullanabilirsiniz. \u00dcr\u00fcne ili\u015fkin baz\u0131 bilgiler burada yer almaktad\u0131r.<\/p>\n<ul class=\"unordered-list\">\n<li>Pamuk+Mikrohijyen Kuma\u015f<\/li>\n<li>Yeti\u015fkin ve \u00c7ocuk Bedenleri<\/li>\n<li>O yaka, V yaka, Uzun Kol, \u00c7ocuk ti\u015f\u00f6rt\u00fc se\u00e7enekleri<\/li>\n<li>29 cm&#8217;lik Bask\u0131 Alan\u0131 <em>(g\u00f6rsellerin ti\u015f\u00f6rt \u00fczerinde ki bask\u0131 alan\u0131n\u0131n azami \u00f6l\u00e7\u00fcs\u00fcd\u00fcr. XS-M gibi k\u00fc\u00e7\u00fck bedenlerde ti\u015f\u00f6rt \u00f6l\u00e7\u00fcs\u00fcne uygun olarak bask\u0131lar\u0131 yap\u0131ld\u0131\u011f\u0131ndan bask\u0131 alan\u0131 de\u011fi\u015fkenlik g\u00f6sterecektir).<\/em><\/li>\n<\/ul>\n<p>[\/vc_column_text][\/vc_column][vc_column width=&#8221;1\/3&#8243;]\t\t\n\t\t<div id=\"wd-69e008bed8e29\" class=\"title-wrapper  woodmart-title-color-default woodmart-title-style-default woodmart-title-width-100 text-left woodmart-title-size-small vc_custom_1532165195756\">\n\t\t\t\t\t\t\n\t\t\t<div class=\"liner-continer\">\n\t\t\t\t<span class=\"left-line\"><\/span>\n\t\t\t\t<h4 class=\"woodmart-title-container title  woodmart-font-weight-\" ><strong>\u00d6L\u00c7\u00dcLER<\/strong><\/h4>\t\t\t\t\t\t\t\t<span class=\"right-line\"><\/span>\n\t\t\t<\/div>\n\t\t\t\n\t\t\t\t\t\t\n\t\t\t\t\t<\/div>\n\t\t\n\t\t[vc_column_text css=&#8221;.vc_custom_1554734979591{margin-bottom: 18px !important;}&#8221;]Bedenler: Beden tablosundan g\u00f6r\u00fcnt\u00fcleyebilirsiniz,<br \/>\nBask\u0131 alan\u0131: Bedene uygun olarak ayarlanmaktad\u0131r.[\/vc_column_text]\t\t\n\t\t<div id=\"wd-69e008bed8e3d\" class=\"title-wrapper  woodmart-title-color-default woodmart-title-style-default woodmart-title-width-100 text-left woodmart-title-size-small vc_custom_1544190687600\">\n\t\t\t\t\t\t\n\t\t\t<div class=\"liner-continer\">\n\t\t\t\t<span class=\"left-line\"><\/span>\n\t\t\t\t<h4 class=\"woodmart-title-container title  woodmart-font-weight-\" ><strong>AYNI G\u00dcN KARGO<\/strong><\/h4>\t\t\t\t\t\t\t\t<span class=\"right-line\"><\/span>\n\t\t\t<\/div>\n\t\t\t\n\t\t\t\t\t\t\n\t\t\t\t\t<\/div>\n\t\t\n\t\t[vc_column_text css=&#8221;.vc_custom_1544190721004{margin-bottom: 18px !important;}&#8221;]Bu \u00fcr\u00fcn i\u00e7in saat 12:00\u2019ye kadar verilen sipari\u015fler ayn\u0131 g\u00fcn kargoda.[\/vc_column_text]\t\t\n\t\t<div id=\"wd-69e008bed8e51\" class=\"title-wrapper  woodmart-title-color-default woodmart-title-style-default woodmart-title-width-100 text-left woodmart-title-size-small vc_custom_1532165388869\">\n\t\t\t\t\t\t\n\t\t\t<div class=\"liner-continer\">\n\t\t\t\t<span class=\"left-line\"><\/span>\n\t\t\t\t<h4 class=\"woodmart-title-container title  woodmart-font-weight-\" ><strong>KULLANMA TAL\u0130MATI<\/strong><\/h4>\t\t\t\t\t\t\t\t<span class=\"right-line\"><\/span>\n\t\t\t<\/div>\n\t\t\t\n\t\t\t\t\t\t\n\t\t\t\t\t<\/div>\n\t\t\n\t\t[vc_column_text]\u00dcr\u00fcn ile birlikte size g\u00f6nderilen talimatlara uygun olarak kullanman\u0131z \u00f6nerilmektedir.[\/vc_column_text][\/vc_column][\/vc_row]<\/p>\n","protected":false},"excerpt":{"rendered":"<p>Gezegenler Ti\u015f\u00f6rt ki\u015fiye \u00f6zel gezegenler bask\u0131l\u0131 ti\u015f\u00f6rt, planets karakterleri \u00e7ocuk ti\u015f\u00f6rtleri ile \u00e7ocuklar\u0131n\u0131z\u0131n g\u00fcnl\u00fck veya \u00f6zel g\u00fcnlerinde kullanabilece\u011finiz kombin serisi olu\u015fturabilirsiniz. Ti\u015f\u00f6rtlerimiz ter tutmayan \u00f6zel pamuklu mikrohijyen dokulu kuma\u015f\u0131 sayesinde mikrop bar\u0131nd\u0131rmaz, terletmez ve bedeninizde rahat bir duru\u015f sa\u011flar. Do\u011frudan kuma\u015f \u00fczerine uygulanan bask\u0131 tekni\u011fi ile sizlere uzun s\u00fcreli kullan\u0131m imkan\u0131 sa\u011flar. \u0130ste\u011fe ba\u011fl\u0131 ti\u015f\u00f6rt\u00fcn \u00fczerinde yazmas\u0131n\u0131 istedi\u011finiz bilgileri a\u015fa\u011f\u0131daki metin kutusuna yazarak sipari\u015finizi verebilirsiniz. <span style=\"color: #ff0000;\"><strong><em>Yanl\u0131\u015f \u00dcr\u00fcn Almamak \u0130\u00e7in Beden Tablosunu Mutlaka Kullan\u0131n\u0131z.<\/em><\/strong><\/span> <strong><em>Yeti\u015fkin beden ve kombinleriniz i\u00e7in whatsapp \u00fczerinden bizlerle ileti\u015fime ge\u00e7ebilirsiniz.\u00a0<\/em><\/strong><\/p>\n","protected":false},"featured_media":19727,"comment_status":"open","ping_status":"closed","template":"","meta":[],"product_brand":[],"product_cat":[105,182],"product_tag":[228,319,1252,859,1253],"class_list":{"0":"post-19718","1":"product","2":"type-product","3":"status-publish","4":"has-post-thumbnail","6":"product_cat-cocuk-tisort","7":"product_cat-ozel-gun-tisortleri","8":"product_tag-baskili-tisort","9":"product_tag-dogum-gunu-tisortu","10":"product_tag-gezegenler-tisort","11":"product_tag-isme-ozel-tisort","12":"product_tag-planets-tisort","14":"first","15":"instock","16":"shipping-taxable","17":"purchasable","18":"product-type-variable"},"aioseo_notices":[],"_links":{"self":[{"href":"https:\/\/sadecesanaozel.com.tr\/index.php\/wp-json\/wp\/v2\/product\/19718","targetHints":{"allow":["GET"]}}],"collection":[{"href":"https:\/\/sadecesanaozel.com.tr\/index.php\/wp-json\/wp\/v2\/product"}],"about":[{"href":"https:\/\/sadecesanaozel.com.tr\/index.php\/wp-json\/wp\/v2\/types\/product"}],"replies":[{"embeddable":true,"href":"https:\/\/sadecesanaozel.com.tr\/index.php\/wp-json\/wp\/v2\/comments?post=19718"}],"wp:featuredmedia":[{"embeddable":true,"href":"https:\/\/sadecesanaozel.com.tr\/index.php\/wp-json\/wp\/v2\/media\/19727"}],"wp:attachment":[{"href":"https:\/\/sadecesanaozel.com.tr\/index.php\/wp-json\/wp\/v2\/media?parent=19718"}],"wp:term":[{"taxonomy":"product_brand","embeddable":true,"href":"https:\/\/sadecesanaozel.com.tr\/index.php\/wp-json\/wp\/v2\/product_brand?post=19718"},{"taxonomy":"product_cat","embeddable":true,"href":"https:\/\/sadecesanaozel.com.tr\/index.php\/wp-json\/wp\/v2\/product_cat?post=19718"},{"taxonomy":"product_tag","embeddable":true,"href":"https:\/\/sadecesanaozel.com.tr\/index.php\/wp-json\/wp\/v2\/product_tag?post=19718"}],"curies":[{"name":"wp","href":"https:\/\/api.w.org\/{rel}","templated":true}]}}