{"id":20772,"date":"2024-03-13T17:12:06","date_gmt":"2024-03-13T14:12:06","guid":{"rendered":"https:\/\/sadecesanaozel.com.tr\/?post_type=product&#038;p=20772"},"modified":"2026-03-23T19:38:47","modified_gmt":"2026-03-23T16:38:47","slug":"star-wars-yoda-tisort","status":"publish","type":"product","link":"https:\/\/sadecesanaozel.com.tr\/index.php\/urun\/star-wars-yoda-tisort\/","title":{"rendered":"Star Wars Yoda Ti\u015f\u00f6rt"},"content":{"rendered":"<p>[vc_row][vc_column width=&#8221;1\/3&#8243;]\t\t\n\t\t<div id=\"wd-69e3429b0834a\" class=\"title-wrapper  woodmart-title-color-default woodmart-title-style-default woodmart-title-width-100 text-left woodmart-title-size-small vc_custom_1550232270197\">\n\t\t\t\t\t\t\n\t\t\t<div class=\"liner-continer\">\n\t\t\t\t<span class=\"left-line\"><\/span>\n\t\t\t\t<h4 class=\"woodmart-title-container title  woodmart-font-weight-\" ><strong>\u00c7OCUK T\u0130\u015e\u00d6RTLER\u0130<\/strong><\/h4>\t\t\t\t\t\t\t\t<span class=\"right-line\"><\/span>\n\t\t\t<\/div>\n\t\t\t\n\t\t\t\t\t\t\n\t\t\t\t\t<\/div>\n\t\t\n\t\t[vc_column_text]<img loading=\"lazy\" decoding=\"async\" class=\" wp-image-3101 alignleft\" style=\"margin-right: 10px; margin-top: 2px;\" src=\"https:\/\/sadecesanaozel.com.tr\/wp-content\/uploads\/2018\/07\/sadece-sana-\u00f6zel-\u00e7ocuk-bebek-ti\u015f\u00f6rt-\u00fcr\u00fcnleri-1.png\" alt=\"\" width=\"120\" height=\"88\" \/>Sizlerin \u00f6zg\u00fc se\u00e7imine sunulmu\u015f olan\u00a0ti\u015f\u00f6rtlerimiz ter tutmayan \u00f6zel pamuklu mikrohijyen dokulu kuma\u015f\u0131 sayesinde mikrop bar\u0131nd\u0131rmaz, terletmez ve bedeninizde rahat bir duru\u015f sa\u011flar. Ti\u015f\u00f6rtlerimizden be\u011fendi\u011finiz modeli ister 0 yaka, ister uzun kollu olarak sat\u0131n alabilirsiniz. \u0130ster kendiniz i\u00e7in ister hediye olarak da sevdiklerinize g\u00f6nderebilirsiniz.<\/p>\n<p>\u00dcr\u00fcn ile ilgili sorular\u0131n\u0131z i\u00e7in m\u00fc\u015fteri temsilcilerimizden destek alabilirsiniz. \u0130yi g\u00fcnlerde kullanman\u0131z dile\u011fi ile iyi al\u0131\u015fveri\u015fler dileriz.[\/vc_column_text][\/vc_column][vc_column width=&#8221;1\/3&#8243;]\t\t\n\t\t<div id=\"wd-69e3429b0838e\" class=\"title-wrapper  woodmart-title-color-default woodmart-title-style-default woodmart-title-width-100 text-left woodmart-title-size-small vc_custom_1532165181111\">\n\t\t\t\t\t\t\n\t\t\t<div class=\"liner-continer\">\n\t\t\t\t<span class=\"left-line\"><\/span>\n\t\t\t\t<h4 class=\"woodmart-title-container title  woodmart-font-weight-\" ><strong>\u00d6ZELL\u0130KLER<\/strong><\/h4>\t\t\t\t\t\t\t\t<span class=\"right-line\"><\/span>\n\t\t\t<\/div>\n\t\t\t\n\t\t\t\t\t\t\n\t\t\t\t\t<\/div>\n\t\t\n\t\t[vc_column_text]Pamuklu ve Mikrohijyen \u00f6zel dokusuyla 40 derecede ters olarak makinede y\u0131kanabilen ti\u015f\u00f6rtlerimiz hediyelik ve \u015fahsi kullan\u0131mlar a\u00e7\u0131s\u0131ndan \u015f\u0131k ve exclusive bir \u00fcr\u00fcn olup g\u00fcvenle kullanabilirsiniz. \u00dcr\u00fcne ili\u015fkin baz\u0131 bilgiler burada yer almaktad\u0131r.<\/p>\n<ul class=\"unordered-list\">\n<li>Pamuk+Mikrohijyen Kuma\u015f<\/li>\n<li>Yeti\u015fkin ve \u00c7ocuk Bedenleri<\/li>\n<li>O yaka, V yaka, Uzun Kol, \u00c7ocuk ti\u015f\u00f6rt\u00fc se\u00e7enekleri<\/li>\n<li>Beden \u00d6l\u00e7\u00fcs\u00fcne Uygun Bask\u0131 Alan\u0131 <em>(g\u00f6rsellerin ti\u015f\u00f6rt \u00fczerinde ki bask\u0131 \u00f6l\u00e7\u00fcs\u00fc, g\u00f6rselin ti\u015f\u00f6rte en uygun olacak haliyle ayarlanm\u0131\u015ft\u0131r.)<\/em><\/li>\n<\/ul>\n<p>[\/vc_column_text][\/vc_column][vc_column width=&#8221;1\/3&#8243;]\t\t\n\t\t<div id=\"wd-69e3429b083a0\" class=\"title-wrapper  woodmart-title-color-default woodmart-title-style-default woodmart-title-width-100 text-left woodmart-title-size-small vc_custom_1532165195756\">\n\t\t\t\t\t\t\n\t\t\t<div class=\"liner-continer\">\n\t\t\t\t<span class=\"left-line\"><\/span>\n\t\t\t\t<h4 class=\"woodmart-title-container title  woodmart-font-weight-\" ><strong>\u00d6L\u00c7\u00dcLER<\/strong><\/h4>\t\t\t\t\t\t\t\t<span class=\"right-line\"><\/span>\n\t\t\t<\/div>\n\t\t\t\n\t\t\t\t\t\t\n\t\t\t\t\t<\/div>\n\t\t\n\t\t[vc_column_text css=&#8221;.vc_custom_1550232415926{margin-bottom: 18px !important;}&#8221;]Bedenler: Beden tablosundan g\u00f6r\u00fcnt\u00fcleyebilirsiniz,<br \/>\nBask\u0131 alan\u0131: G\u00f6rselin ti\u015f\u00f6rte uygun haliyle \u00f6l\u00e7\u00fclendirilmektedir.[\/vc_column_text]\t\t\n\t\t<div id=\"wd-69e3429b083ad\" class=\"title-wrapper  woodmart-title-color-default woodmart-title-style-default woodmart-title-width-100 text-left woodmart-title-size-small vc_custom_1544190687600\">\n\t\t\t\t\t\t\n\t\t\t<div class=\"liner-continer\">\n\t\t\t\t<span class=\"left-line\"><\/span>\n\t\t\t\t<h4 class=\"woodmart-title-container title  woodmart-font-weight-\" ><strong>AYNI G\u00dcN KARGO<\/strong><\/h4>\t\t\t\t\t\t\t\t<span class=\"right-line\"><\/span>\n\t\t\t<\/div>\n\t\t\t\n\t\t\t\t\t\t\n\t\t\t\t\t<\/div>\n\t\t\n\t\t[vc_column_text css=&#8221;.vc_custom_1629404592877{margin-bottom: 18px !important;}&#8221; text_larger=&#8221;no&#8221;]Bu \u00fcr\u00fcn en ge\u00e7 24 saat i\u00e7inde kargoda.[\/vc_column_text]\t\t\n\t\t<div id=\"wd-69e3429b083ba\" class=\"title-wrapper  woodmart-title-color-default woodmart-title-style-default woodmart-title-width-100 text-left woodmart-title-size-small vc_custom_1532165388869\">\n\t\t\t\t\t\t\n\t\t\t<div class=\"liner-continer\">\n\t\t\t\t<span class=\"left-line\"><\/span>\n\t\t\t\t<h4 class=\"woodmart-title-container title  woodmart-font-weight-\" ><strong>KULLANMA TAL\u0130MATI<\/strong><\/h4>\t\t\t\t\t\t\t\t<span class=\"right-line\"><\/span>\n\t\t\t<\/div>\n\t\t\t\n\t\t\t\t\t\t\n\t\t\t\t\t<\/div>\n\t\t\n\t\t[vc_column_text]\u00dcr\u00fcn ile birlikte size g\u00f6nderilen talimatlara uygun olarak kullanman\u0131z \u00f6nerilmektedir.[\/vc_column_text][\/vc_column][\/vc_row]<\/p>\n","protected":false},"excerpt":{"rendered":"<p>Star Wars Yoda bask\u0131l\u0131 ti\u015f\u00f6rt modelini bir \u00e7ok k\u0131yafetlerinizle kombin edebilirsiniz. Ti\u015f\u00f6rtlerimiz ter tutmayan \u00f6zel pamuklu mikrohijyen dokulu kuma\u015f\u0131 sayesinde mikrop bar\u0131nd\u0131rmaz, terletmez ve bedeninizde rahat bir duru\u015f sa\u011flar. Do\u011frudan kuma\u015f \u00fczerine uygulanan bask\u0131 tekni\u011fi ile sizlere uzun s\u00fcreli kullan\u0131m imkan\u0131 sa\u011flar. Ti\u015f\u00f6rt\u00fcn \u00fczerinde yazmas\u0131n\u0131 istedi\u011finiz ismi a\u015fa\u011f\u0131daki metin kutusuna yazarak sipari\u015finizi verebilirsiniz. Ayr\u0131ca bu ti\u015f\u00f6rt\u00fcn anne baba \u00e7ocuk kombini olan \u00fcr\u00fcn\u00fcm\u00fcz\u00fc de sat\u0131n alabilir veya sevdiklerinize hediye olarak g\u00f6nderebilirsiniz.<\/p>\n","protected":false},"featured_media":20782,"comment_status":"open","ping_status":"closed","template":"","meta":[],"product_brand":[],"product_cat":[105,182,41],"product_tag":[228,1213,1407,1402,853,1405,1406],"class_list":{"0":"post-20772","1":"product","2":"type-product","3":"status-publish","4":"has-post-thumbnail","6":"product_cat-cocuk-tisort","7":"product_cat-ozel-gun-tisortleri","8":"product_cat-kisiye-ozel-baskili-tisort","9":"product_tag-baskili-tisort","10":"product_tag-star-wars-tisort","11":"product_tag-star-wars-yoda-tisort","12":"product_tag-tisort-baski-insaat-temali","13":"product_tag-tisort-bastir","14":"product_tag-tisort-yaptir","15":"product_tag-yoda-tisort","17":"first","18":"instock","19":"shipping-taxable","20":"purchasable","21":"product-type-variable"},"aioseo_notices":[],"_links":{"self":[{"href":"https:\/\/sadecesanaozel.com.tr\/index.php\/wp-json\/wp\/v2\/product\/20772","targetHints":{"allow":["GET"]}}],"collection":[{"href":"https:\/\/sadecesanaozel.com.tr\/index.php\/wp-json\/wp\/v2\/product"}],"about":[{"href":"https:\/\/sadecesanaozel.com.tr\/index.php\/wp-json\/wp\/v2\/types\/product"}],"replies":[{"embeddable":true,"href":"https:\/\/sadecesanaozel.com.tr\/index.php\/wp-json\/wp\/v2\/comments?post=20772"}],"wp:featuredmedia":[{"embeddable":true,"href":"https:\/\/sadecesanaozel.com.tr\/index.php\/wp-json\/wp\/v2\/media\/20782"}],"wp:attachment":[{"href":"https:\/\/sadecesanaozel.com.tr\/index.php\/wp-json\/wp\/v2\/media?parent=20772"}],"wp:term":[{"taxonomy":"product_brand","embeddable":true,"href":"https:\/\/sadecesanaozel.com.tr\/index.php\/wp-json\/wp\/v2\/product_brand?post=20772"},{"taxonomy":"product_cat","embeddable":true,"href":"https:\/\/sadecesanaozel.com.tr\/index.php\/wp-json\/wp\/v2\/product_cat?post=20772"},{"taxonomy":"product_tag","embeddable":true,"href":"https:\/\/sadecesanaozel.com.tr\/index.php\/wp-json\/wp\/v2\/product_tag?post=20772"}],"curies":[{"name":"wp","href":"https:\/\/api.w.org\/{rel}","templated":true}]}}