{"id":21340,"date":"2025-05-15T18:45:34","date_gmt":"2025-05-15T15:45:34","guid":{"rendered":"https:\/\/sadecesanaozel.com.tr\/?post_type=product&#038;p=21340"},"modified":"2026-03-23T19:38:25","modified_gmt":"2026-03-23T16:38:25","slug":"arabali-dogum-gunu-tisortu-2","status":"publish","type":"product","link":"https:\/\/sadecesanaozel.com.tr\/index.php\/urun\/arabali-dogum-gunu-tisortu-2\/","title":{"rendered":"Arabal\u0131 Do\u011fum G\u00fcn\u00fc Ti\u015f\u00f6rt\u00fc"},"content":{"rendered":"<p data-sourcepos=\"1:1-1:56\"><strong>Arabal\u0131 Do\u011fum G\u00fcn\u00fc Ti\u015f\u00f6rt\u00fc Bask\u0131l\u0131 Ti\u015f\u00f6rt &#8211; Ki\u015fiye \u00d6zel \u00e7ocuk ti\u015f\u00f6rt<\/strong><\/p>\n<p data-sourcepos=\"3:1-3:312\">K\u00fc\u00e7\u00fck canavarlar\u0131n do\u011fum g\u00fcn\u00fc co\u015fkusunu katlay\u0131n! Bu \u00f6zel tasar\u0131m ti\u015f\u00f6rt ile \u00e7ocu\u011funuzun do\u011fum g\u00fcn\u00fc unutulmaz olacak. \u00dczerinde &#8220;Furkan&#8221; yazan (isim de\u011fi\u015ftirilebilir), haval\u0131 bir <strong>Arabal\u0131 Do\u011fum G\u00fcn\u00fc Ti\u015f\u00f6rt\u00fc<\/strong> ve &#8220;Happy Birthday&#8221; ile &#8220;5&#8221; rakam\u0131 (ya\u015f de\u011fi\u015ftirilebilir) bulunan bu ti\u015f\u00f6rt, do\u011fum g\u00fcn\u00fc partisi i\u00e7in m\u00fckemmel bir se\u00e7im. Minik motor tutkunlar\u0131n\u0131n \u00f6zel g\u00fcnlerini gaza getirin! \u0130ster do\u011fum g\u00fcn\u00fc partisi olsun, ister g\u00fcnl\u00fck maceralar\u0131&#8230; Ki\u015fiye \u00f6zel isim bask\u0131l\u0131 <strong>Arabal\u0131 Do\u011fum G\u00fcn\u00fc Ti\u015f\u00f6rt\u00fc<\/strong> temal\u0131 \u00e7ocuk ti\u015f\u00f6rtlerimizle fark yarat\u0131n.<\/p>\n<p data-sourcepos=\"9:1-9:59\"><strong><span style=\"vertical-align: inherit;\"><span style=\"vertical-align: inherit;\">Neden Bu Ti\u015f\u00f6rt \u00c7ok \u00d6zel?<\/span><\/span><\/strong><\/p>\n<ul data-sourcepos=\"11:1-17:0\">\n<li data-sourcepos=\"11:1-11:378\"><strong><span style=\"vertical-align: inherit;\"><span style=\"vertical-align: inherit;\">Pop\u00fcler Arabal\u0131 Do\u011fum G\u00fcn\u00fc Ti\u015f\u00f6rt\u00fc Temas\u0131: :<\/span><\/span><\/strong><span style=\"vertical-align: inherit;\"><span style=\"vertical-align: inherit;\"> Erkek \u00e7ocuklar\u0131n hayran oldu\u011fu, her zaman trend olan <strong>Arabal\u0131 Do\u011fum G\u00fcn\u00fc Ti\u015f\u00f6rt\u00fc<\/strong> fig\u00fcr\u00fc. Erkek \u00e7ocuklar\u0131n bay\u0131ld\u0131\u011f\u0131, g\u00fcc\u00fc ve h\u0131z\u0131 temsil eden <strong>Arabal\u0131 Do\u011fum G\u00fcn\u00fc Ti\u015f\u00f6rt\u00fc<\/strong> bask\u0131l\u0131 \u00e7ocuk ti\u015f\u00f6rt.<\/span><\/span><\/li>\n<li data-sourcepos=\"12:1-12:244\"><strong><span style=\"vertical-align: inherit;\"><span style=\"vertical-align: inherit;\">Ki\u015fiye \u00d6zel \u0130sim Bask\u0131s\u0131:<\/span><\/span><\/strong><span style=\"vertical-align: inherit;\"><span style=\"vertical-align: inherit;\"> &#8220;\u0130sme \u00f6zel ti\u015f\u00f6rt \u00e7ocuk&#8221; veya &#8220;isim yaz\u0131l\u0131 ti\u015f\u00f6rt&#8221; aray\u0131\u015f\u0131n\u0131z i\u00e7in m\u00fckemmel \u00e7\u00f6z\u00fcm! \u00c7ocu\u011funuzun ad\u0131n\u0131 ti\u015f\u00f6rte bast\u0131rarak ona kendini \u00f6zel hissettirin. <\/span><\/span><strong><span style=\"vertical-align: inherit;\"><span style=\"vertical-align: inherit;\">Ki\u015fiye \u00f6zel hediye<\/span><\/span><\/strong><span style=\"vertical-align: inherit;\"><span style=\"vertical-align: inherit;\"> arayanlar i\u00e7in e\u015fsiz bir alternatiftir.<\/span><\/span><\/li>\n<li data-sourcepos=\"13:1-13:272\"><strong><span style=\"vertical-align: inherit;\"><span style=\"vertical-align: inherit;\">\u00dcst\u00fcn Kuma\u015f Kalitesi:<\/span><\/span><\/strong> <strong><span style=\"vertical-align: inherit;\"><span style=\"vertical-align: inherit;\">Terletmeyen \u00e7ocuk ti\u015f\u00f6rt\u00fc<\/span><\/span><\/strong><span style=\"vertical-align: inherit;\"><span style=\"vertical-align: inherit;\"> arayan ebeveynlerin tercihi! \u00d6zel %100 pamuklu mikrohijyen dokulu kuma\u015f\u0131m\u0131z sayesinde bu <\/span><\/span><strong><span style=\"vertical-align: inherit;\"><span style=\"vertical-align: inherit;\">\u00e7ocuk ti\u015f\u00f6rt\u00fc<\/span><\/span><\/strong><span style=\"vertical-align: inherit;\"><span style=\"vertical-align: inherit;\">, mikrop bar\u0131nd\u0131rmaz, teri emer ve cildin nefes almas\u0131n\u0131 sa\u011flar. \u00c7ocu\u011funuz g\u00fcn boyu konforlu ve serin kal\u0131r.<\/span><\/span><\/li>\n<li data-sourcepos=\"14:1-14:254\"><strong><span style=\"vertical-align: inherit;\"><span style=\"vertical-align: inherit;\">Sa\u011fl\u0131kl\u0131 ve Konforlu:<\/span><\/span><\/strong><span style=\"vertical-align: inherit;\"><span style=\"vertical-align: inherit;\"> \u00c7ocuk ciltleri d\u00fc\u015f\u00fcn\u00fclerek \u00fcretilen mikrohijyen <\/span><\/span><strong><span style=\"vertical-align: inherit;\"><span style=\"vertical-align: inherit;\">pamuklu \u00e7ocuk ti\u015f\u00f6rt\u00fc<\/span><\/span><\/strong><span style=\"vertical-align: inherit;\"><span style=\"vertical-align: inherit;\">, yumu\u015fak dokusuyla maksimum konfor sunar ve \u00e7ocu\u011funuzun bedeninde rahat bir duru\u015f sa\u011flar. Oyun oynarken ve ke\u015ffederken \u00f6zg\u00fcrce hareket etmesine olanak tan\u0131r.<\/span><\/span><\/li>\n<li data-sourcepos=\"15:1-15:293\"><strong><span style=\"vertical-align: inherit;\"><span style=\"vertical-align: inherit;\">Kal\u0131c\u0131 ve Canl\u0131 Bask\u0131:<\/span><\/span><\/strong><span style=\"vertical-align: inherit;\"><span style=\"vertical-align: inherit;\"> Ti\u015f\u00f6rt \u00fczerine uygulad\u0131\u011f\u0131m\u0131z do\u011frudan kuma\u015f bask\u0131 tekni\u011fi sayesinde <strong>Araba Temal\u0131 Bask\u0131l\u0131 Ti\u015f\u00f6rt \u00e7e\u015fitlerimiz<\/strong>\u00a0canl\u0131 renklerini korur ve y\u0131kamalara kar\u015f\u0131 olduk\u00e7a dayan\u0131kl\u0131d\u0131r. Bu bask\u0131l\u0131 \u00e7ocuk ti\u015f\u00f6rt\u00fc (veya ara\u00e7 bask\u0131l\u0131 \u00e7ocuk ti\u015f\u00f6rt\u00fc), uzun s\u00fcreli kullan\u0131m imkan\u0131 sunar.<\/span><\/span><\/li>\n<li data-sourcepos=\"16:1-17:0\"><strong><span style=\"vertical-align: inherit;\"><span style=\"vertical-align: inherit;\">\u00c7ok Y\u00f6nl\u00fc Kullan\u0131m:<\/span><\/span><\/strong><span style=\"vertical-align: inherit;\"><span style=\"vertical-align: inherit;\"> Sadece <\/span><\/span><strong><span style=\"vertical-align: inherit;\"><span style=\"vertical-align: inherit;\">do\u011fum g\u00fcn\u00fc ti\u015f\u00f6rt\u00fc<\/span><\/span><\/strong><span style=\"vertical-align: inherit;\"><span style=\"vertical-align: inherit;\"> olarak de\u011fil, ayn\u0131 zamanda \u00f6zel g\u00fcnlerde, foto\u011fraf \u00e7ekimlerinde, parkta oynarken veya \u00e7ocu\u011funuzun g\u00fcnl\u00fck giyiminde rahatl\u0131kla kullanabilece\u011finiz dikkat \u00e7ekici ve e\u011flenceli bir <\/span><\/span><strong><span style=\"vertical-align: inherit;\"><span style=\"vertical-align: inherit;\">\u00e7ocuk giyim<\/span><\/span><\/strong><span style=\"vertical-align: inherit;\"><span style=\"vertical-align: inherit;\"> \u00fcr\u00fcn\u00fcd\u00fcr.<\/span><\/span><\/li>\n<\/ul>\n<p data-sourcepos=\"18:1-18:33\"><strong><span style=\"vertical-align: inherit;\"><span style=\"vertical-align: inherit;\">Sipari\u015finizi Ki\u015fiselle\u015ftirin:<\/span><\/span><\/strong><\/p>\n<p data-sourcepos=\"20:1-20:379\"><span style=\"vertical-align: inherit;\"><span style=\"vertical-align: inherit;\">Hayalinizdeki <\/span><\/span><strong><span style=\"vertical-align: inherit;\"><span style=\"vertical-align: inherit;\">isme \u00f6zel arabal\u0131 \u00e7ocuk ti\u015f\u00f6rt\u00fc<\/span><\/span><\/strong><span style=\"vertical-align: inherit;\"><span style=\"vertical-align: inherit;\"> (veya <\/span><\/span><strong><span style=\"vertical-align: inherit;\"><span style=\"vertical-align: inherit;\">ki\u015fiye \u00f6zel monster truck ti\u015f\u00f6rt\u00fc<\/span><\/span><\/strong><span style=\"vertical-align: inherit;\"><span style=\"vertical-align: inherit;\">) olu\u015fturmak \u00e7ok kolay! Sipari\u015finizi verirken, ti\u015f\u00f6rt\u00fcn \u00fczerinde yer almas\u0131n\u0131 istedi\u011finiz ismi veya &#8220;\u0130yi ki Do\u011fdun [\u0130sim]&#8221; gibi k\u0131sa bir mesaj\u0131 a\u015fa\u011f\u0131daki metin kutusuna yazman\u0131z yeterli. \u00c7ocu\u011funuz i\u00e7in bu e\u015fsiz <\/span><\/span><strong><span style=\"vertical-align: inherit;\"><span style=\"vertical-align: inherit;\">tasar\u0131m ti\u015f\u00f6rt\u00fc<\/span><\/span><\/strong><span style=\"vertical-align: inherit;\"><span style=\"vertical-align: inherit;\"> hemen sipari\u015f verin ve onun in\u015faat maceralar\u0131na stil kat\u0131n!<\/span><\/span><\/p>\n","protected":false},"excerpt":{"rendered":"<p><strong>Arabal\u0131 Do\u011fum G\u00fcn\u00fc Ti\u015f\u00f6rt\u00fc Bask\u0131l\u0131 Ti\u015f\u00f6rt<\/strong>, ile \u00e7ocuklar\u0131n\u0131z\u0131n hayal d\u00fcnyas\u0131n\u0131 h\u0131zland\u0131r\u0131n! offroad ti\u015f\u00f6rt ve monster arabal\u0131 ti\u015f\u00f6rt tasar\u0131mlar\u0131m\u0131zla onlar\u0131n enerjisine enerji kat\u0131n. \u00c7ocuk <strong>Arabal\u0131 Do\u011fum G\u00fcn\u00fc Ti\u015f\u00f6rt\u00fc<\/strong> ti\u015f\u00f6rt se\u00e7eneklerimiz aras\u0131nda ki\u015fiye \u00f6zel <strong>Arabal\u0131 Do\u011fum G\u00fcn\u00fc Ti\u015f\u00f6rt\u00fc<\/strong> ti\u015f\u00f6rt ve isimli <strong>Arabal\u0131 Do\u011fum G\u00fcn\u00fc Ti\u015f\u00f6rt\u00fc<\/strong> ti\u015f\u00f6rt modellerimiz \u00e7ok pop\u00fcler. Do\u011fum g\u00fcnleri i\u00e7in arad\u0131\u011f\u0131n\u0131z en haval\u0131 hediye i\u015fte kar\u015f\u0131n\u0131zda: do\u011fum g\u00fcn\u00fc i\u00e7in <strong>Arabal\u0131 Do\u011fum G\u00fcn\u00fc Ti\u015f\u00f6rt\u00fc<\/strong> ti\u015f\u00f6rtlerimiz, erkek \u00e7ocuk <a href=\"https:\/\/sadecesanaozel.com.tr\/index.php\/urun\/monster-truck-baskili-tisort\/\"><strong>Arabal\u0131 Do\u011fum G\u00fcn\u00fc Ti\u015f\u00f6rt\u00fc<\/strong><\/a> ti\u015f\u00f6rt arayanlar i\u00e7in ideal. Bask\u0131l\u0131 \u00e7ocuk ti\u015f\u00f6rt koleksiyonumuzdaki bu heyecan verici tasar\u0131mlar, \u00f6zel mikrohijyen pamuklu kuma\u015f\u0131 sayesinde g\u00fcn boyu mikrop bar\u0131nd\u0131rmaz, terletmez ve \u00e7ocuklar\u0131n\u0131z\u0131n bedeninde rahat bir konfor sunar. Do\u011frudan kuma\u015fa uygulanan bask\u0131 tekni\u011fi ile uzun s\u00fcreli kullan\u0131m imkan\u0131 sa\u011flar. \u0130ste\u011fe ba\u011fl\u0131 olarak ti\u015f\u00f6rt\u00fcn \u00fczerinde yazmas\u0131n\u0131 istedi\u011finiz bilgileri a\u015fa\u011f\u0131daki metin kutusuna yazarak sipari\u015finizi verebilirsiniz. \u00d6nemli Not: Yanl\u0131\u015f beden al\u0131m\u0131n\u0131n \u00f6n\u00fcne ge\u00e7mek i\u00e7in l\u00fctfen beden tablomuzu mutlaka kullan\u0131n\u0131z. Yeti\u015fkin bedenleri ve kombinleriniz i\u00e7in WhatsApp \u00fczerinden bizimle ileti\u015fime ge\u00e7ebilirsiniz. Hemen ke\u015ffedin ve minik kahramanlar\u0131n\u0131z\u0131n tarz\u0131n\u0131 tamamlay\u0131n!<\/p>\n","protected":false},"featured_media":21341,"comment_status":"open","ping_status":"closed","template":"","meta":[],"product_brand":[],"product_cat":[105,182,41],"product_tag":[1452,1521,1520,1518,1503,1522,319,1519,1513,1517,1507,1512,1508,1505,1516,1504,1510,1515,855,851,1307,1511,1509,1506,1514],"class_list":{"0":"post-21340","1":"product","2":"type-product","3":"status-publish","4":"has-post-thumbnail","6":"product_cat-cocuk-tisort","7":"product_cat-ozel-gun-tisortleri","8":"product_cat-kisiye-ozel-baskili-tisort","9":"product_tag-arabali-dogum-gunu-tisortu","10":"product_tag-arabali-tisort-modelleri","11":"product_tag-cocuk-araba-tisortu","12":"product_tag-cocuk-baskili-tisort-araba","13":"product_tag-cocuk-dogum-gunu-tisortu","14":"product_tag-dogum-gunu-arabali-tisort","15":"product_tag-dogum-gunu-tisortu","16":"product_tag-dogum-gunu-tisortu-arabali","17":"product_tag-eglenceli-hediye","18":"product_tag-erkek-cocuk-araba-tisortu","19":"product_tag-erkek-cocuk-tisort","20":"product_tag-farkli-hediye","21":"product_tag-havali-erkek-cocuk-tisort","22":"product_tag-isim-baskili-cocuk-tisort","23":"product_tag-isimli-araba-tisortu","24":"product_tag-isimli-dogum-gunu-tisortu","25":"product_tag-kaliteli-cocuk-tisort","26":"product_tag-kisiye-ozel-araba-tisortu","27":"product_tag-kisiye-ozel-dogum-gunu-tisortu","28":"product_tag-kisiye-ozel-tisort","29":"product_tag-ozel-baskili-tisort","30":"product_tag-ozel-gun-tisortu","31":"product_tag-rahat-erkek-cocuk-tisort","32":"product_tag-temali-cocuk-tisort","33":"product_tag-temali-hediye","35":"first","36":"instock","37":"shipping-taxable","38":"purchasable","39":"product-type-simple"},"aioseo_notices":[],"_links":{"self":[{"href":"https:\/\/sadecesanaozel.com.tr\/index.php\/wp-json\/wp\/v2\/product\/21340","targetHints":{"allow":["GET"]}}],"collection":[{"href":"https:\/\/sadecesanaozel.com.tr\/index.php\/wp-json\/wp\/v2\/product"}],"about":[{"href":"https:\/\/sadecesanaozel.com.tr\/index.php\/wp-json\/wp\/v2\/types\/product"}],"replies":[{"embeddable":true,"href":"https:\/\/sadecesanaozel.com.tr\/index.php\/wp-json\/wp\/v2\/comments?post=21340"}],"wp:featuredmedia":[{"embeddable":true,"href":"https:\/\/sadecesanaozel.com.tr\/index.php\/wp-json\/wp\/v2\/media\/21341"}],"wp:attachment":[{"href":"https:\/\/sadecesanaozel.com.tr\/index.php\/wp-json\/wp\/v2\/media?parent=21340"}],"wp:term":[{"taxonomy":"product_brand","embeddable":true,"href":"https:\/\/sadecesanaozel.com.tr\/index.php\/wp-json\/wp\/v2\/product_brand?post=21340"},{"taxonomy":"product_cat","embeddable":true,"href":"https:\/\/sadecesanaozel.com.tr\/index.php\/wp-json\/wp\/v2\/product_cat?post=21340"},{"taxonomy":"product_tag","embeddable":true,"href":"https:\/\/sadecesanaozel.com.tr\/index.php\/wp-json\/wp\/v2\/product_tag?post=21340"}],"curies":[{"name":"wp","href":"https:\/\/api.w.org\/{rel}","templated":true}]}}